{"id":135,"date":"2016-05-24T21:53:31","date_gmt":"2016-05-24T19:53:31","guid":{"rendered":"http:\/\/selpol.com.pl\/?page_id=135"},"modified":"2016-08-07T09:38:09","modified_gmt":"2016-08-07T07:38:09","slug":"realizacje-kominy","status":"publish","type":"page","link":"http:\/\/selpol.com.pl\/index.php\/realizacje-kominy\/","title":{"rendered":"Realizacje Kominy"},"content":{"rendered":"<p>&nbsp;<\/p>\n<div style=\"font-family: arial;\">\n<ul>\n<li style=\"text-align: left;\">\n<div>\n<p style=\"background: white none repeat scroll 0% 0%;\"><strong><span style=\"color: #000000;\">System EUROPA 1200 EC-4 \u0141\u00f3d\u017a<\/span><\/strong><\/p>\n<p><span style=\"color: #000000;\"><img loading=\"lazy\" class=\"size-full wp-image-172 alignleft\" src=\"http:\/\/selpol.com.pl\/wp-content\/uploads\/2016\/05\/1.jpg\" alt=\"1\" width=\"200\" height=\"141\" \/>\u00a0. kocio\u0142 SEFAKO 35 t \/h &#8211; 22 MW olejowo &#8211; gazowy<br \/>\nparowy bez ekonomizera;<br \/>\n. d\u0142ugo\u015b\u0107 czopucha &#8211; 4,5 m wysoko\u015b\u0107 komina 65 m;<br \/>\n. \u015brednica A 1200 mm;<br \/>\n<\/span><\/p>\n<\/div>\n<\/li>\n<\/ul>\n<\/div>\n<p>&nbsp;<\/p>\n<hr \/>\n<div style=\"font-family: arial;\">\n<ul>\n<ul>\n<li>\n<div>\n<p style=\"background: white none repeat scroll 0% 0%; text-align: left;\"><strong><span style=\"color: #000000;\">System EUROPA Szpital Miejski w Przemy\u015blu<\/span><\/strong><\/p>\n<p style=\"text-align: left;\"><span style=\"color: #000000;\"><img loading=\"lazy\" class=\"size-full wp-image-173 alignleft\" src=\"http:\/\/selpol.com.pl\/wp-content\/uploads\/2016\/05\/2.jpg\" alt=\"2\" width=\"200\" height=\"284\" \/> . kot\u0142y Viessmann TURBOMAT olejowo &#8211; gazowe parowe i<br \/>\nwodne bez ekonomizera;<br \/>\n. d\u0142ugo\u015b\u0107 czopuch\u00f3w &#8211; 6,0 m, wysoko\u015b\u0107 komin\u00f3w 30 m;<br \/>\n. \u015brednica 2 \u00b4 EUROPA 700 m + 2 \u00b4 EUROPA 900 mm ;<br \/>\n<\/span><\/p>\n<p style=\"text-align: left;\">\n<\/div>\n<\/li>\n<\/ul>\n<\/ul>\n<\/div>\n<p>&nbsp;<\/p>\n<p>&nbsp;<\/p>\n<div style=\"font-family: arial;\">\n<p>&nbsp;<\/p>\n<hr \/>\n<ul>\n<ul>\n<li>\n<div>\n<p style=\"background: white none repeat scroll 0% 0%;\"><strong><span style=\"color: #000000;\"><span class=\"tekst-produkt-bold\">System EUROPA Zak\u0142ady Przemys\u0142u<br \/>\nCukrowniczego w Lublinie<\/span><\/span><\/strong><\/p>\n<p><span style=\"color: #000000;\"><img loading=\"lazy\" class=\"size-full wp-image-175 alignleft\" src=\"http:\/\/selpol.com.pl\/wp-content\/uploads\/2016\/05\/4.jpg\" alt=\"4\" width=\"200\" height=\"129\" \/>. kot\u0142y BABCOCK Omnical HDA 12 MW olejowo &#8211; gazowe parowe<br \/>\ni wodne bez ekonomizera;<br \/>\n. d\u0142ugo\u015b\u0107 czopuch\u00f3w &#8211; 7,0 m, wysoko\u015b\u0107 komin\u00f3w 10 m;<br \/>\n. \u015brednica 2 \u00b4 EUROPA 1100;<\/span><\/p>\n<\/div>\n<\/li>\n<\/ul>\n<\/ul>\n<hr \/>\n<ul>\n<ul>\n<li>\n<div><span style=\"color: #000000;\"><strong><span class=\"tekst-produkt-bold\">System EUROPA Przedsi\u0119biorstwo<br \/>\nEnergetyki Cieplnej Tarnobrzeg<\/span><\/strong><\/span><\/div>\n<div><span style=\"color: #000000;\"><strong><br \/>\n<\/strong><\/span><\/div>\n<div>\n<p><span style=\"color: #000000;\"><img loading=\"lazy\" class=\"size-full wp-image-174 alignleft\" src=\"http:\/\/selpol.com.pl\/wp-content\/uploads\/2016\/05\/3.jpg\" alt=\"3\" width=\"200\" height=\"140\" \/>. kot\u0142y Viessmann TURBOMAT olejowo &#8211; gazowe wodne bez<br \/>\nekonomizera RN &#8211; HW 10 000 kW;<br \/>\n. d\u0142ugo\u015b\u0107 czopuch\u00f3w &#8211; 3,0 m, wysoko\u015b\u0107 komin\u00f3w 15 m;<br \/>\n. \u015brednica 2 \u00b4 EUROPA 1000 m;<\/span><\/p>\n<\/div>\n<\/li>\n<\/ul>\n<\/ul>\n<hr \/>\n<ul>\n<ul>\n<li>\n<div><span style=\"color: #000000;\"><strong><span class=\"tekst-produkt-bold\">System EUROPA Przedsi\u0119biorstwo Energetyki Cieplnej Gdynia<\/span><\/strong><\/span><\/div>\n<div><\/div>\n<div><span style=\"color: #000000;\"><img loading=\"lazy\" class=\"size-medium wp-image-176 alignleft\" src=\"http:\/\/selpol.com.pl\/wp-content\/uploads\/2016\/05\/5-191x300.jpg\" alt=\"5\" width=\"191\" height=\"300\" srcset=\"http:\/\/selpol.com.pl\/wp-content\/uploads\/2016\/05\/5-191x300.jpg 191w, http:\/\/selpol.com.pl\/wp-content\/uploads\/2016\/05\/5.jpg 200w\" sizes=\"(max-width: 191px) 100vw, 191px\" \/>. kocio\u0142 Viessmann TURBOMAT olejowo gazowy wodny bez<br \/>\nekonomizera RN &#8211; HW 6 500 kW;<br \/>\n. d\u0142ugo\u015b\u0107 czopuch\u00f3w 9,0 m, wysoko\u015b\u0107 komin\u00f3w 18 m;<br \/>\n. \u015brednica EUROPA 1000 m;<\/span><\/div>\n<\/li>\n<\/ul>\n<\/ul>\n<\/div>\n<p>&nbsp;<\/p>\n<p>&nbsp;<\/p>\n<p>&nbsp;<\/p>\n<p>&nbsp;<\/p>\n<div style=\"font-family: arial;\">\n<hr \/>\n<ul>\n<ul>\n<li>\n<div>\n<p style=\"background: white none repeat scroll 0% 0%;\"><strong><span style=\"color: #000000;\"><span class=\"tekst-produkt-bold\">System EUROPA Szpital Miejski w Che\u0142mie<\/span><\/span><\/strong><\/p>\n<p><span style=\"color: #000000;\"><img loading=\"lazy\" class=\"size-full wp-image-177 alignleft\" src=\"http:\/\/selpol.com.pl\/wp-content\/uploads\/2016\/05\/6.jpg\" alt=\"6\" width=\"200\" height=\"142\" \/> . kocio\u0142 Viessmann TURBOMAT olejowo &#8211; gazowy wodny bez ekonomizera RN &#8211; HW 6 500 kW<br \/>\n+ RN &#8211; HD 2 900 kW;<br \/>\n. d\u0142ugo\u015b\u0107 czopuch\u00f3w &#8211; ok. 9,0 m, wysoko\u015b\u0107 komin\u00f3w 18 m;<br \/>\n. \u015brednica 2 \u00b4 EUROPA 600 + 2 \u00b4 EUROPA 800 ;<br \/>\n<\/span><\/p>\n<\/div>\n<\/li>\n<\/ul>\n<\/ul>\n<hr \/>\n<ul>\n<ul>\n<li>\n<div>\n<p><span style=\"color: #000000;\"><strong><span class=\"tekst-produkt-bold\">System EUROPA Okr\u0119gowa Sp\u00f3\u0142dzielnia Mleczarska w Siedlcach<\/span><\/strong><\/span><\/p>\n<p><span style=\"color: #000000;\"><img loading=\"lazy\" class=\"size-full wp-image-178 alignleft\" src=\"http:\/\/selpol.com.pl\/wp-content\/uploads\/2016\/05\/7.jpg\" alt=\"7\" width=\"200\" height=\"135\" \/>. kot\u0142y Viessmann TURBOMAT olejowo &#8211;<br \/>\ngazowy wodny RN &#8211; HD 18 Bar<br \/>\n. d\u0142ugo\u015b\u0107 czopuch\u00f3w &#8211; 2,5 m, wysoko\u015b\u0107<br \/>\nkomin\u00f3w 15 m;<br \/>\n. \u015brednica 2 \u00b4 EUROPA 700;<\/span><\/p>\n<\/div>\n<\/li>\n<\/ul>\n<\/ul>\n<hr \/>\n<ul>\n<ul>\n<li>\n<div>\n<p style=\"background: white none repeat scroll 0% 0%;\"><strong><span style=\"color: #000000;\"><span class=\"tekst-produkt-bold\">System EUROPA Narodowy Bank Polski Warszawa<\/span><\/span><\/strong><\/p>\n<p><span style=\"color: #000000;\"><img loading=\"lazy\" class=\"size-full wp-image-179 alignleft\" src=\"http:\/\/selpol.com.pl\/wp-content\/uploads\/2016\/05\/8.jpg\" alt=\"8\" width=\"200\" height=\"130\" \/> . agregat pr\u0105dotw\u00f3rczy WILSON 880 kVA silinik Perkins 27 l o<br \/>\nmocy 1027 KM<br \/>\n. d\u0142ugo\u015b\u0107 czopuch\u00f3w &#8211; 25 m, wysoko\u015b\u0107 komin\u00f3w 40 m;<br \/>\n. \u015brednica 3 \u00b4 EUROPA 400 + EUROPA 250;<br \/>\n<\/span><\/p>\n<\/div>\n<\/li>\n<\/ul>\n<\/ul>\n<hr \/>\n<ul>\n<ul>\n<li>\n<div>\n<p style=\"background: white none repeat scroll 0% 0%;\"><strong><span style=\"color: #000000;\"><span class=\"tekst-produkt-bold\">System EUROPA Budynek Biurowy TP SA<br \/>\nWarszawa ul. Twarda<\/span><\/span><\/strong><\/p>\n<p><span style=\"color: #000000;\"><img loading=\"lazy\" class=\"size-medium wp-image-180 alignleft\" src=\"http:\/\/selpol.com.pl\/wp-content\/uploads\/2016\/05\/9-194x300.jpg\" alt=\"9\" width=\"194\" height=\"300\" srcset=\"http:\/\/selpol.com.pl\/wp-content\/uploads\/2016\/05\/9-194x300.jpg 194w, http:\/\/selpol.com.pl\/wp-content\/uploads\/2016\/05\/9.jpg 200w\" sizes=\"(max-width: 194px) 100vw, 194px\" \/>. agregat pr\u0105dotw\u00f3rczy WILSON 880 kVA silinik Perkins 27 l<br \/>\n. o mocy 1027 KM<br \/>\n. d\u0142ugo\u015b\u0107 czopucha &#8211; 15 m, wysoko\u015b\u0107 komin\u00f3w 140 m;<br \/>\n. \u015brednica 1 \u00b4 EUROPA 350 + EUROPA<\/span><\/p>\n<\/div>\n<p>&nbsp;<\/li>\n<\/ul>\n<\/ul>\n<\/div>\n<p>&nbsp;<\/p>\n<p>&nbsp;<\/p>\n<p>&nbsp;<\/p>\n<div style=\"font-family: arial;\">\n<hr \/>\n<ul>\n<li>\n<div>\n<p style=\"background: white none repeat scroll 0% 0%;\"><span style=\"color: #000000;\"><strong>System EUROPA ELEKTROCIEP\u0141OWNIA Dolna Odra<\/strong><br \/>\n<\/span><\/p>\n<p><span style=\"color: #000000;\"><img loading=\"lazy\" class=\"size-full wp-image-181 alignleft\" src=\"http:\/\/selpol.com.pl\/wp-content\/uploads\/2016\/05\/10.jpg\" alt=\"10\" width=\"200\" height=\"129\" \/> . Odprowadzanie ozonu z elektrofiltr\u00f3w<br \/>\n. d\u0142ugo\u015b\u0107 czopucha &#8211; 10 m, wysoko\u015b\u0107 komina 20 m;<br \/>\n. \u015brednica 1 \u00b4 EUROPA 1000<br \/>\n<\/span><\/p>\n<p>&nbsp;<\/p>\n<\/div>\n<\/li>\n<\/ul>\n<\/div>\n<hr \/>\n<ul>\n<li>\n<div>\n<p style=\"background: white none repeat scroll 0% 0%;\"><span style=\"color: #000000;\"><strong>Platforma Petrobaltic &#8211; W\u0142adys\u0142awowo<\/strong><br \/>\n<\/span><\/p>\n<p><span style=\"color: #000000;\"><img loading=\"lazy\" class=\"size-full wp-image-182 alignleft\" src=\"http:\/\/selpol.com.pl\/wp-content\/uploads\/2016\/05\/11.jpg\" alt=\"11\" width=\"200\" height=\"131\" \/>. System spalinowy do turbiny gazowej z kot\u0142em odzysknicowym Viessmann 4,0 MW<\/span><\/p>\n<p>&nbsp;<\/p>\n<\/div>\n<\/li>\n<\/ul>\n<hr \/>\n<p>&nbsp;<\/p>\n","protected":false},"excerpt":{"rendered":"<p>&nbsp; System EUROPA 1200 EC-4 \u0141\u00f3d\u017a \u00a0. kocio\u0142 SEFAKO 35 t \/h &#8211; 22 MW olejowo &#8211; gazowy parowy bez ekonomizera; . d\u0142ugo\u015b\u0107 czopucha &#8211; 4,5 m wysoko\u015b\u0107 komina 65 <a href=\"http:\/\/selpol.com.pl\/index.php\/realizacje-kominy\/\" class=\"more-link\">[&hellip;]<\/a><\/p>\n","protected":false},"author":1,"featured_media":0,"parent":0,"menu_order":0,"comment_status":"closed","ping_status":"closed","template":"","meta":[],"_links":{"self":[{"href":"http:\/\/selpol.com.pl\/index.php\/wp-json\/wp\/v2\/pages\/135"}],"collection":[{"href":"http:\/\/selpol.com.pl\/index.php\/wp-json\/wp\/v2\/pages"}],"about":[{"href":"http:\/\/selpol.com.pl\/index.php\/wp-json\/wp\/v2\/types\/page"}],"author":[{"embeddable":true,"href":"http:\/\/selpol.com.pl\/index.php\/wp-json\/wp\/v2\/users\/1"}],"replies":[{"embeddable":true,"href":"http:\/\/selpol.com.pl\/index.php\/wp-json\/wp\/v2\/comments?post=135"}],"version-history":[{"count":10,"href":"http:\/\/selpol.com.pl\/index.php\/wp-json\/wp\/v2\/pages\/135\/revisions"}],"predecessor-version":[{"id":191,"href":"http:\/\/selpol.com.pl\/index.php\/wp-json\/wp\/v2\/pages\/135\/revisions\/191"}],"wp:attachment":[{"href":"http:\/\/selpol.com.pl\/index.php\/wp-json\/wp\/v2\/media?parent=135"}],"curies":[{"name":"wp","href":"https:\/\/api.w.org\/{rel}","templated":true}]}}